 -2 + 3 - 0/1. Suppose -j = 2*r + 3. Let l = 4 + r. What is the units digit of l?
2
What is the tens digit of ((-76)/(-7))/(22/77)?
3
Let j be 5 + (0 + 1 - 1). Let i(h) = -h**2 + 7*h - 7. Let r be i(j). Suppose v - r = -0. What is the units digit of v?
3
Let d(m) = m + 6. Let l be d(8). Suppose x = -0 + l. What is the tens digit of x?
1
Let n be (-2 + 3)/(-1) - -4. Let l(g) = -1 - g + g**n + 5*g**2 - 2*g**2 - g. What is the units digit of l(-3)?
5
Let n = 13 + 41. Suppose 0 = -f - 4*w + 8, -2*f - 2*f + n = 5*w. What is the units digit of f?
6
Suppose r - 2 = -0. Suppose 3*p - 1 = -g + 18, 16 = -g + 4*p. Suppose r*f - f = g. What is the units digit of f?
4
Suppose 3*m - 4*m - 4*i = -16, 2*i = -3*m + 18. Suppose m = -4*x + 20. Let q = x - -7. What is the units digit of q?
1
Let i(w) = w**2 + 7*w - 5. Let j be i(-8). Suppose -2*y - 28 = -t, -9 = 3*t + j*y - 66. What is the units digit of t?
2
Let f = 27 + -12. Suppose -2*g + f = -g. What is the units digit of g?
5
Let t(l) = l**3 + 5*l**2 - 8*l - 3. Suppose 0 = r + 6. What is the units digit of t(r)?
9
Suppose 2 = 4*l - 2. Let h be (0/4)/(l + 0). Suppose 4*k - 28 = -h*k. What is the units digit of k?
7
Let b(j) = j**2 - j + 9. Let z be (-16)/2*3/(-6). What is the tens digit of b(z)?
2
Suppose -5*s + 136 = -4*q + 36, 0 = 4*s - q - 69. What is the tens digit of s?
1
What is the units digit of (-157)/(-5) + (-6)/(-10)?
2
Let f(w) = -12*w - 6. Let y be f(7). Let n = -62 - y. Suppose v = 4*t - n, t = -2*t + v + 22. What is the units digit of t?
6
Suppose -8 = -2*d - 2, 3*y + 2*d - 138 = 0. Suppose 0*m = 4*m - y. What is the units digit of m?
1
Let s(y) = y**2 + 4*y - 7. What is the units digit of s(-6)?
5
Let y = -8 + 10. Suppose 3*d + y = 11. What is the units digit of d?
3
Suppose 0 = -g + 4 - 2. Suppose 0*a + g*a - 16 = 0. What is the units digit of a?
8
Let t = 4 - -3. Let z(k) = 4 + k + 0*k - 2. What is the units digit of z(t)?
9
Let d = 218 - 21. What is the hundreds digit of d?
1
Suppose 2*d = 9 - 3. Suppose 0 = d*v + 3*p - 42, -3*v = 2*v + 3*p - 76. What is the units digit of v?
7
Let q be -5 + 2 + (1 - 4). Let i = 16 + q. What is the tens digit of i?
1
Suppose -5*q + 21 = 1. Suppose 0 = -5*c - 2*m + 53, q*c + 5*m - 79 = -23. What is the units digit of c?
9
Let n(s) be the second derivative of -s**4/12 + 7*s**3/6 - 3*s**2 - 2*s. What is the units digit of n(5)?
4
Suppose c + 445 = 5*b - 0*c, 0 = -3*b - 3*c + 249. What is the tens digit of b?
8
Let v = 2 + 1. Let z(x) = 2 - 3*x - x**v + 2*x - 2 - x**2. What is the units digit of z(-1)?
1
What is the tens digit of 17 - 5/(20/12)?
1
Suppose 0 = -8*p + 4*p + 32. What is the units digit of p?
8
Let n = 24 - -3. What is the units digit of n?
7
Suppose 39 + 106 = 5*y. What is the tens digit of y?
2
Let l = 51 + -21. Suppose 2*d - 21 = -2*d + 5*g, 4*d = 2*g + l. Suppose -d - 7 = -2*v. What is the units digit of v?
8
Suppose m + 2*m - 21 = 0. Suppose -3*p - 1 = -m. What is the units digit of p?
2
Let b(m) = -m + 2. Let a be b(0). What is the tens digit of (-6 + a)*26/(-8)?
1
Let p(v) = 1 + v**2 - 3 - 3. What is the units digit of p(4)?
1
Let c(a) = 60*a - 14. What is the units digit of c(4)?
6
Let m = 25 - -2. What is the tens digit of m?
2
Let p = 22 + -16. Let z = p - -8. What is the units digit of z?
4
Let x = 138 - 23. What is the tens digit of x?
1
Let i = 13 - -5. What is the units digit of i?
8
Let x(o) be the second derivative of -o**3/6 + 6*o**2 - o. Let i be 7 + 4/8*-2. What is the units digit of x(i)?
6
Let h = -6 + 5. What is the units digit of ((-1)/h)/(5/10)?
2
Suppose -y = -4*y. What is the units digit of 2/6*(y + 6)?
2
Suppose -4 = -i + 1. What is the units digit of i?
5
Let h = 19 + -11. What is the tens digit of ((-30)/h)/(6/(-16))?
1
Suppose -5*o + 39 + 331 = 0. What is the units digit of o?
4
Let k be (-3 - -1)*1/2. What is the units digit of 1*(k + 0 + 8)?
7
Suppose -g + 2*w + 15 = 0, -20 - 17 = -3*g + 2*w. Suppose 2*h + 3*k - g = 0, k + 2*k = 5*h - 80. What is the tens digit of h?
1
Suppose 4*r - 3*h = 171, 0*r + 180 = 5*r + 3*h. What is the units digit of r?
9
Suppose -4*z = 3*p - 7 - 7, 3*z = 2*p + 2. Suppose -3*r - 5*q = -29, r - 2 = 4*q + z. Suppose 16 = 3*l - r. What is the units digit of l?
8
Suppose 0*c = 3*q + 2*c - 56, -14 = -q - 3*c. What is the units digit of q?
0
Let w = 53 - 8. Suppose 4*u + w = u. Let y = -7 - u. What is the units digit of y?
8
Let j be 20/11 - 4/(-22). Suppose d + t - j*t = 9, -5*d + 46 = -4*t. Suppose 2 + d = 2*g. What is the units digit of g?
6
Let w = -3 - -5. Suppose 4*m - 32 = -3*r, 2*m - m = -w*r + 13. Suppose -m*l + l + 36 = 0. What is the units digit of l?
9
Let k = 101 + -27. What is the units digit of k?
4
Let n = -29 + 164. Suppose -2*j - 3*v + 7*v + 72 = 0, -n = -5*j + v. What is the tens digit of j?
2
What is the units digit of (-134)/(-4) - (-33)/(-22)?
2
Let n(i) = -i - 8. Let r be n(-7). Let q be (2/(-3))/(r/6). Suppose 4*m + 4*s = q, -2*m + m = -2*s - 4. What is the units digit of m?
2
Suppose 17 + 19 = -3*p. Let a be (8/(-10))/(p/(-30)). What is the units digit of 24/3 - (-5 - a)?
1
Let w be 0/(-2 + 2 - 2). Let x be 1 + w/((-6)/(-2)). Suppose 0 = -g + 5 + x. What is the units digit of g?
6
Suppose 1 = g, t = 5*g + 19 - 58. Let c = -18 - t. What is the tens digit of c?
1
Let k = 118 - 81. What is the units digit of k?
7
Suppose -3*t - 16 = -5*t. Let f = t + -3. What is the units digit of f?
5
Suppose 4*o - 6 = 62. What is the units digit of o?
7
Let y(c) = 5*c + 1. Let l be y(1). What is the tens digit of ((-57)/l - -3)*-2?
1
Let p(b) be the first derivative of -b**4/4 - 2*b**3 + 6*b + 3. What is the units digit of p(-6)?
6
Suppose -2*q = -5 + 7. Let m be ((-7)/(-2))/(1/(-2)). Let h = q - m. What is the units digit of h?
6
Let q(d) = 2*d**2 + d + 2. Let m be q(-2). Suppose -i - 1 = -2*f - m, -2*f = 3*i - 5. Suppose 0 = i*u + 3*j - 24, 4*j + 14 = -2. What is the tens digit of u?
1
Let s be -22*(-5)/(-2)*-1. Suppose 7*w = 2*w + s. Let x = 18 - w. What is the units digit of x?
7
Suppose 326 = 4*n - 354. What is the tens digit of n?
7
Suppose h = i - 0*h - 19, 0 = -4*i - 4*h + 44. Suppose -5*g - 2*m = -36, g + 5*m + i = 6*g. What is the units digit of g/(-33) - (-136)/22?
6
Let w be (-4)/(-12) - 10/(-6). Suppose z - w*z = -5. Suppose 2*s - 5*r = z, 4*s - 27 = -3*r + 22. What is the tens digit of s?
1
What is the tens digit of 3*(1 - 50/(-3))?
5
Let g be (-5)/15 - (-10)/3. Suppose -g*l - 393 = 5*i, 2*l + 2*l = -5*i - 529. What is the tens digit of 2/7 + l/(-14)?
1
Let h be ((-15)/9 + 1)*-3. Suppose -q = -h - 0. What is the units digit of q?
2
Let f = -2 - -5. Suppose 0 = -i - f*i - 4. What is the units digit of i/(1/2) + 7?
5
What is the units digit of (-4)/14 - 111/(-21)?
5
Let g be (-18 - 0) + -4 + 3. What is the tens digit of 3/((-3)/g) + -3?
1
Let w(a) = -a**3 + 9*a**2 + 4*a - 1. Suppose -4*s - 12 + 48 = 0. What is the tens digit of w(s)?
3
Let n(m) = 9*m + 2. Let f be n(3). Suppose -47 = -4*v + f. Let a = v + -6. What is the tens digit of a?
1
Suppose 0 = 7*s + 123 - 802. What is the tens digit of s?
9
What is the hundreds digit of (-721)/(-4) + (-24)/(-32)?
1
Let d = -9 - -11. What is the units digit of d/(-2) - (-5 - 4)?
8
Let i be (14/(-4))/((-3)/42). Let f = i - 19. What is the tens digit of f?
3
Suppose -2*m = -4*m + 102. What is the units digit of m?
1
Suppose -x + 0*x = 9. What is the units digit of 14*(-1)/6*x?
1
Suppose n - 207 = 4*p, -2*p = -n - 0*p + 201. What is the hundreds digit of n?
1
Let u(v) = v**2 + 6*v + 4. Let x be u(-8). What is the units digit of (12/10)/(6/x)?
4
Let i(f) = 9*f**2 - 7*f - 12. What is the units digit of i(-6)?
4
Suppose 7*s = 9*s - 132. Suppose -s = 5*w - 8*w. What is the tens digit of w?
2
Suppose 3*i - 13 = -h, 0*i + 2*i - 5*h - 20 = 0. Suppose -2*t + 3*b - 18 = 0, -2*t - 11 = 3*t + b. Let o = t + i. What is the units digit of o?
2
Suppose 5*m - 122 = z, 4*m = 2*m + 4*z + 56. What is the tens digit of m?
2
Let t(n) = -5*n + n**2 + 2*n + 2*n - 3*n**2 - 3*n**3. Let a be t(-1). What is the units digit of (1 + 8)*2/a?
9
Suppose -4*c + 218 = 58. Suppose -f + 5*f = c. What is the units digit of 4/(-20) + 12/f?
1
Suppose 2*d = -3*d. Let b(u) = u**2 + u + 16. Let g be b(d). Suppose -4*j + g + 12 = 0. What is the units digit of j?
7
Let x = -94 -